ided by 323?
10
What is the remainder when 5174929 is divided by 4465?
4459
Calculate the remainder when 3175031 is divided by 1058343.
2
What is the remainder when 157880 is divided by 6578?
8
Calculate the remainder when 576226 is divided by 1313.
1132
What is the remainder when 17299428 is divided by 4324844?
52
Calculate the remainder when 641262606 is divided by 621.
618
Calculate the remainder when 24019 is divided by 28.
23
Calculate the remainder when 5124429 is divided by 38.
15
What is the remainder when 1188710 is divided by 91437?
29
Calculate the remainder when 7952 is divided by 1471.
597
What is the remainder when 302527 is divided by 37676?
1119
Calculate the remainder when 647256 is divided by 129451.
1
What is the remainder when 1796011 is divided by 1773?
1735
Calculate the remainder when 16592161 is divided by 141.
127
Calculate the remainder when 467060 is divided by 24547.
667
What is the remainder when 143564 is divided by 10773?
3515
What is the remainder when 147941 is divided by 8658?
755
Calculate the remainder when 218982 is divided by 211.
175
What is the remainder when 10996321 is divided by 2749064?
65
Calculate the remainder when 889088 is divided by 98786.
14
What is the remainder when 18115 is divided by 13536?
4579
Calculate the remainder when 6444 is divided by 3086.
272
Calculate the remainder when 7335087 is divided by 9.
6
Calculate the remainder when 87882 is divided by 532.
102
Calculate the remainder when 26816001 is divided by 318.
15
Calculate the remainder when 8162030 is divided by 99.
74
What is the remainder when 1590833 is divided by 334?
325
What is the remainder when 502601 is divided by 6184?
1697
What is the remainder when 1185331 is divided by 1435?
21
Calculate the remainder when 4634025 is divided by 1278.
1275
Calculate the remainder when 29162489 is divided by 146545.
34
What is the remainder when 50051216 is divided by 3978?
20
What is the remainder when 1733663 is divided by 10079?
75
What is the remainder when 5135360 is divided by 427932?
176
Calculate the remainder when 1428665 is divided by 159.
50
What is the remainder when 14708984 is divided by 14709?
14693
What is the remainder when 12162189 is divided by 1105651?
28
Calculate the remainder when 138907 is divided by 13501.
3897
What is the remainder when 1450232 is divided by 103543?
630
Calculate the remainder when 12502250 is divided by 3178.
3176
Calculate the remainder when 866067 is divided by 20619.
69
Calculate the remainder when 593723 is divided by 296856.
11
Calculate the remainder when 178183499 is divided by 15932.
11
Calculate the remainder when 1687964 is divided by 49639.
238
Calculate the remainder when 5517263 is divided by 37787.
361
Calculate the remainder when 1294090 is divided by 258735.
415
What is the remainder when 2874902 is divided by 572?
30
Calculate the remainder when 6622680 is divided by 823.
822
Calculate the remainder when 1713 is divided by 1529.
184
What is the remainder when 24942605 is divided by 16684?
25
Calculate the remainder when 167130 is divided by 1039.
890
What is the remainder when 51810431 is divided by 331?
325
Calculate the remainder when 6109117 is divided by 356.
157
What is the remainder when 414112 is divided by 236?
168
Calculate the remainder when 119269 is divided by 59122.
1025
What is the remainder when 463372 is divided by 32?
12
What is the remainder when 472144 is divided by 472102?
42
Calculate the remainder when 380308 is divided by 3312.
2740
Calculate the remainder when 20103 is divided by 7853.
4397
Calculate the remainder when 40380183 is divided by 84301.
4
What is the remainder when 1840508 is divided by 1960?
68
Calculate the remainder when 3947 is divided by 3800.
147
Calculate the remainder when 415795 is divided by 2424.
1291
Calculate the remainder when 253124 is divided by 2529.
224
What is the remainder when 9122965 is divided by 81?
16
What is the remainder when 663736 is divided by 663732?
4
Calculate the remainder when 92810915 is divided by 21.
8
Calculate the remainder when 1252084 is divided by 626.
84
Calculate the remainder when 1092070 is divided by 576.
550
What is the remainder when 13416 is divided by 2309?
1871
What is the remainder when 40150988 is divided by 38?
36
What is the remainder when 4204680 is divided by 1401461?
297
What is the remainder when 270514 is divided by 1876?
370
Calculate the remainder when 5416 is divided by 943.
701
Calculate the remainder when 1847802 is divided by 1428.
1398
What is the remainder when 62500 is divided by 15567?
232
What is the remainder when 23610124 is divided by 445474?
2
What is the remainder when 48266 is divided by 24088?
90
What is the remainder when 306567 is divided by 4198?
113
What is the remainder when 1057785 is divided by 407?
399
What is the remainder when 58376 is divided by 3931?
3342
What is the remainder when 3956455 is divided by 1978213?
29
What is the remainder when 1439726 is divided by 858?
2
What is the remainder when 1673587 is divided by 557464?
1195
Calculate the remainder when 86278 is divided by 14.
10
What is the remainder when 2348188 is divided by 6670?
348
What is the remainder when 53001559 is divided by 4393?
14
Calculate the remainder when 8819151 is divided by 83197.
269
Calculate the remainder when 940446 is divided by 153.
108
Calculate the remainder when 89230007 is divided by 89229971.
36
Calculate the remainder when 110249 is divided by 13732.
393
Calculate the remainder when 17571749 is divided by 75.
74
What is the remainder when 11076218 is divided by 121?
120
What is the remainder when 145737 is divided by 1974?
1635
What is the remainder when 185908 is divided by 894?
850
What is the remainder when 15368652 is divided by 3842160?
12
Calculate the remainder when 324758 is divided by 108200.
158
Calculate the remainder when 6417531 is divided by 401.
328
What is the remainder when 2192736 is divided by 1910?
56
Calculate the remainder when 721120 is divided by 229.
228
Calculate the remainder when 267777 is divided by 1834.
13
Calculate the remainder when 2947782 is divided by 15353.
6
What is the remainder when 45236301 is divided by 1317?
1302
What is the remainder when 185748 is divided by 1001?
563
What is the remainder when 1607026 is divided by 69861?
223
Calculate the remainder when 879557525 is divided by 18.
17
What is the remainder when 73244 is divided by 336?
332
What is the remainder when 440647 is divided by 6293?
137
What is the remainder when 348367 is divided by 2726?
2165
What is the remainder when 55534 is divided by 3777?
2656
Calculate the remainder when 114546922 is divided by 29.
25
Calculate the remainder when 10639435 is divided by 2867.
2865
What is the remainder when 74293 is divided by 8621?
5325
Calculate the remainder when 113255 is divided by 2138.
2079
Calculate the remainder when 12747126 is divided by 7.
0
Calculate the remainder when 431559 is divided by 139572.
12843
What is the remainder when 5476268 is divided by 4312?
28
Calculate the remainder when 151813 is divided by 1484.
445
What is the remainder when 86893812 is divided by 84?
12
Calculate the remainder when 6562148 is divided by 488.
12
What is the remainder when 16632426 is divided by 710?
676
Calculate the remainder when 186591761 is divided by 13.
5
Calculate the remainder when 1478493 is divided by 3724.
65
Calculate the remainder when 2050310 is divided by 45562.
20
Calculate the remainder when 41473 is divided by 379.
162
Calculate the remainder when 238624672 is divided by 802.
800
What is the remainder when 10135822 is divided by 3114?
2866
Calculate the remainder when 1423722 is divided by 2315.
2312
What is the remainder when 2643 is divided by 230?
113
Calculate the remainder when 433715 is divided by 3498.
3461
What is the remainder when 88915 is divided by 88876?
39
What is the remainder when 200251431 is divided by 4860?
4851
Calculate the remainder when 25446 is divided by 7713.
2307
Calculate the remainder when 91025 is divided by 8.
1
What is the remainder when 73964 is divided by 1969?
1111
What is the remainder when 140007 is divided by 23267?
405
What is the remainder when 22817 is divided by 157?
52
What is the remainder when 496